factors of m?
94709
Let m(n) = -86*n - 97. Let u(h) = h**2 + 6*h - 90. Let v be u(-12). What are the prime factors of m(v)?
1451
Let f = 43 + -23. Suppose f - 18 = -p. Let q(b) = -10*b + 3. What are the prime factors of q(p)?
23
Let n = -41251 - -60316. List the prime factors of n.
3, 5, 31, 41
Let i = 17822 + -9473. Suppose 9*a - 2478 = i. List the prime factors of a.
3, 401
Let h(i) = -i**3 + 69*i**2 + 368*i + 2. Let c be h(74). Let l(o) = -9*o**2 + 2*o - 1. Let m be l(-5). Let w = c - m. What are the prime factors of w?
2, 3, 5
Let n(y) = -12*y**3 - 2*y**2 + y - 8. Let k be n(3). Let s = k - -686. List the prime factors of s.
3, 113
Let b(m) = -2619*m - 1311. List the prime factors of b(-6).
3, 4801
Let c = 104 - 104. Let f be (-5)/(-20)*c - -4. Suppose 67 + 43 = r + x, 20 = -f*x. List the prime factors of r.
5, 23
Let t(i) = -97*i**3 + 2*i**2 - 1. Let l be (-51)/(-9) - (-8)/(-12). Suppose 0 = -d - k - l, 0 = -4*d + k. What are the prime factors of t(d)?
2, 7
Suppose -2365*s + 190600 = -2361*s. List the prime factors of s.
2, 5, 953
Suppose -15 = -5*k, -4*k + 9*k - 18 = 3*t. Let s be (t - (-154)/(-21))/((-1)/6). Suppose -3*m + s = -130. List the prime factors of m.
2, 3, 5
Let g be (((-28)/(2/1))/1)/(-2). What are the prime factors of (-4992)/(-21) + 2/g?
2, 7, 17
Let f(v) = 20*v**3 + 10*v**2 - 16*v + 129. List the prime factors of f(7).
53, 139
Suppose 16*b - 1824 = 8*b. Suppose 3*d = 9, -4*w + 6*d = 2*d - b. List the prime factors of w.
2, 3, 5
What are the prime factors of (16844/(-12))/((-7)/21)?
4211
Suppose 21*k - 1896 = 13*k. Let j = k - 206. List the prime factors of j.
31
Let i be 2 - 2 - 3*56/(-12). Suppose -25*m = -i*m - 2101. List the prime factors of m.
191
Let k = 2608 - -7251. List the prime factors of k.
9859
Let t be -16 - 6*4/6. Let m(g) = -g**3 - 20*g**2 - 3. Let i be m(t). Let f = i + 12. What are the prime factors of f?
3
List the prime factors of -8 - 69*8905/(-39).
3, 29, 181
Suppose 5*x - 1507 = 3*b + 2743, 25 = 5*b. Suppose 0 = 2*r - x - 19. List the prime factors of r.
2, 109
Let q(c) = -9*c**3 + 13*c**2 + 85*c - 181. List the prime factors of q(-16).
38651
Let a(v) = -v**3 + 124*v**2 - 308*v + 764. List the prime factors of a(121).
3, 2473
List the prime factors of 2/(-13) + ((-149096764)/(-6578) - (-6)/33).
2, 7, 1619
Let r be -1 - 1/((-2)/12). Suppose r*x - 130 = 60. Suppose -8*o + 10*o = x. List the prime factors of o.
19
Let b(r) = -6*r**2 + 2*r + 1. Let k(x) = 2*x + 7*x**2 + 2*x - 5*x. Let j(y) = 4*b(y) + 5*k(y). What are the prime factors of j(3)?
2, 7
Suppose 7187 = 3*l + 1130. Suppose -6*n + 1017 = -l. List the prime factors of n.
2, 11, 23
Let l be 12/9*(4 + (-21)/(-6)). Let d be (16/(-10))/2*l/(-4). Suppose 3*m - 7*m - 126 = -x, -3*m = d*x - 274. What are the prime factors of x?
2, 67
Suppose -2*t = 53 + 53. Let v be 7*3*(-1)/1. Let f = v - t. What are the prime factors of f?
2
Let c(j) = -j**3 + 38*j**2 + 46*j - 26. List the prime factors of c(31).
3, 7, 43
Let g = 9765 - 4195. What are the prime factors of g?
2, 5, 557
What are the prime factors of (-381521)/(-49) + (-18)/(-21)?
13, 599
Let c(f) = 286*f**2 + 5*f - 89. List the prime factors of c(5).
2, 3, 1181
Let z(k) = -16*k**3 + 25*k**2 + 9*k - 47. Let n(q) = 13*q**3 - 26*q**2 - 9*q + 48. Let s(b) = -5*n(b) - 4*z(b). What are the prime factors of s(30)?
2, 109
Let l(n) = 2070*n**2 + 104*n + 9. What are the prime factors of l(3)?
3, 6317
Suppose w - 16 - 6 = 5*j, 4*j - w + 17 = 0. Suppose 5*d - 3*d - 136 = 0. Let t = d - j. What are the prime factors of t?
73
Let u(d) = d**3 - 62*d**2 - 131*d + 462. List the prime factors of u(75).
2, 3, 10627
What are the prime factors of (45689400/(-81))/(-8) + 10/6?
2, 5, 11, 641
Suppose -2*k + 16 = 4*u, -5*k + 33 = -2*u + 5*u. Suppose -k*n = -1950 + 564. Let d = -159 + n. List the prime factors of d.
2, 3
List the prime factors of (-4)/(49 - 55 - (-63087)/(-10515)*-1).
2, 5, 701
Suppose 7*z - 4*z - 15 = d, -3*d = 2*z + 1. Suppose 5*i - 4*i - 4 = z*o, 4*i = 2*o + 86. Suppose 23*h - i*h = -297. What are the prime factors of h?
3, 11
Suppose 3*k + 2*k - 4*u = -7028, 4*k + 5612 = -2*u. Let b be ((-1)/(-3))/((-18)/k). Suppose 0 = -q + 5*c + b, 2*q = -0*c - c + 8. List the prime factors of q.
2, 3
Let h(v) = -15*v - 40. Let z(t) = -3. Let w(n) = 8. Let c(a) = 2*w(a) + 5*z(a). Let q(d) = -3*c(d) + h(d). What are the prime factors of q(-6)?
47
Let m(d) = -34*d. Let w be m(1). Let f = w - -42. List the prime factors of 3/(-6) - (-2 - 644/f).
2, 41
Let c(s) = 6*s**2 - 67*s - 2096. List the prime factors of c(100).
2, 3, 17, 251
Suppose 10 = -2*h, 2*h - 10298 = 9*g - 6*g. Let i = g + 5449. What are the prime factors of i?
3, 11, 61
Suppose 8 = 4*q - 2*q. Let l(h) = 12*h - 260. Let b be l(7). What are the prime factors of q + -6 - 1 - b?
173
Let w = -3275 + 6143. What are the prime factors of w?
2, 3, 239
What are the prime factors of 0/(-4 + 0) - (-3)/(9/29433)?
9811
Suppose 0 + 136 = 8*m. Suppose 16*s = m*s - 278. Let x = 518 - s. List the prime factors of x.
2, 3, 5
Let g(f) = -f**2 + 4*f + 1. Let r be g(3). Suppose 265 = 2*i - 5*k, -r*i + 358 = -k - 127. What are the prime factors of i/(4 - -1) - 3?
3, 7
Suppose 2478719 - 544235 = 46*o. List the prime factors of o.
2, 3, 43, 163
Suppose 3*d - 16*d + 84975 = 20*d. List the prime factors of d.
5, 103
Suppose -3*l - 4*s + 3762 + 21819 = 0, -4*l + 5*s = -34170. What are the prime factors of l?
3, 5, 569
Let v(g) = 9*g**3 - 10*g**2 - 6*g - 42. What are the prime factors of v(9)?
3, 5, 13, 29
Let d be ((-30)/18)/(1/(-627)). Suppose -5*a - d = 920. Let y = a - -580. What are the prime factors of y?
11, 17
Let d = 212 - 300. Let i = 26 - d. Suppose r + i = 2*r. List the prime factors of r.
2, 3, 19
Suppose -4*s + 3404 = -7960. Suppose s = 2*x + 3*t, -4*t = 2*x - 4782 + 1938. List the prime factors of x.
2, 3, 59
Let x = -20 - -36. Let n = x + -12. What are the prime factors of -12*(12/(-8) - n)?
2, 3, 11
Let v = -43 + 91. Let a = v - -616. List the prime factors of a.
2, 83
Suppose -24 - 3 = -9*d. Suppose -z = d*w - 616, 5*z + w = 5*w + 3099. List the prime factors of z.
619
Let d(p) = -p**3 + 5*p - 2. Let t be d(-2). What are the prime factors of 3000/5*(-2)/t?
2, 3, 5
Suppose 3*q + 13 = 5*i, -2*q + 9 = 4*i + 3. Suppose -x + 216 + 151 = -3*g, i*x - 4*g - 738 = 0. List the prime factors of x.
373
Let j(d) be the first derivative of -11*d**2/2 - 17*d - 28. Let f be j(17). What are the prime factors of 2/(-3) + f/(-9)?
2, 11
Suppose 25*f - 6 = 23*f. Suppose f*a - 1420 = -4*h, -5*h + 1412 = -h + a. Suppose 3*k = -2*d + h, 212 + 105 = 3*k - 5*d. List the prime factors of k.
2, 3, 19
Let p = 121974 + -60461. What are the prime factors of p?
137, 449
Let n be 37/(-4) + 11/44. Let l be (-7)/(-9) - 2/n - -13. Suppose b = 36 + l. What are the prime factors of b?
2, 5
Suppose 5*d - 39492 = -0*d + 6513. List the prime factors of d.
3, 3067
Let x(u) = -18907*u**3 - u**2 - 2*u - 1. What are the prime factors of x(-1)?
7, 37, 73
Suppose 23*f - 1641 = 20*f. Let c = f - -195. List the prime factors of c.
2, 7, 53
Suppose -15*z = -153*m + 158*m - 143510, 0 = z - m - 9574. What are the prime factors of z?
7, 1367
Let s(n) = 3 - 13*n + 0*n - 15*n - 2*n. Let z be s(1). What are the prime factors of 15/z*-6*(-186)/(-4)?
5, 31
Let m = -7 - -46. Suppose 0 = -6*n - m - 45. List the prime factors of 41 + (6/(-14) - 6/n).
41
Let q = -82250 + 116718. List the prime factors of q.
2, 7, 1231
Let o = -1 + -149. List the prime factors of o/45*(-465)/2.
5, 31
Let t be (-8)/(-40) - 99702/10. List the prime factors of t/(-22) - 18/99.
3, 151
Suppose 2*x - 4*a = -3*x + 906, 3*x - 554 = 5*a. Let m = x + 359. Suppose 0 = -5*i + m + 198. List the prime factors of i.
3, 7
Let b(t) = 14951*t - 96. What are the prime factors of b(1)?
5, 2971
Let g be ((-13)/3 - (21 - 24))*-6. List the prime factors of 6 - g - (1648*-2)/4.
2, 3, 137
Let v be (-134)/(-18) - 76/171. Suppose 27*l - v*l - 8840 = 0. What are the prime factors of l?
2, 13, 17
Let u(m) = 63*m + 3. Let x be u(4). Suppose v = -j - 2*v + 125, -2*j - 5*v = -x. Suppose -j - 58 = -6*n. List the prime factors of n.
3, 11
Let w be (-9364)/(-6) + (-7)/(-21). Suppose 10*p - 12*p + 625 = h, -2*h = 5*p - w. List the prime factors of p.
311
Suppose 5*b + 3*v = 684, 2*